{"id":56337,"date":"2020-06-18T11:34:27","date_gmt":"2020-06-18T09:34:27","guid":{"rendered":"https:\/\/www.josefbecvar.com\/?page_id=56337"},"modified":"2022-03-21T13:27:55","modified_gmt":"2022-03-21T12:27:55","slug":"me-aktivity","status":"publish","type":"page","link":"https:\/\/www.josefbecvar.com\/en\/me-aktivity\/","title":{"rendered":"My activities"},"content":{"rendered":"<p>[vc_row][vc_column]<div class=\"aio-icon-component    style_1\"><a class=\"aio-icon-box-link\" href=\"https:\/\/www.josefbecvar.com\/\" title=\"\u00davod\" ><div id=\"Info-box-wrap-7408\" class=\"aio-icon-box top-icon\" style=\"\"  ><div class=\"aio-icon-top\"><div class=\"ult-just-icon-wrapper  \"><div class=\"align-icon\" style=\"text-align:center;\">\n<div class=\"aio-icon none \"  style=\"color:#000000;font-size:32px;display:inline-block;\">\n\t<i class=\"icomoon-icomoonfree-16x16-arrow-left2\"><\/i>\n<\/div><\/div><\/div><\/div><div class=\"aio-icon-header\" ><span class=\"aio-icon-title ult-responsive\"  data-ultimate-target='#Info-box-wrap-7408 .aio-icon-title'  data-responsive-json-new='{\"font-size\":\"desktop:22px;\",\"line-height\":\"desktop:32px;\"}'  style=\"\">Back home<\/span><\/div> <!-- header --><\/div> <!-- aio-icon-box --><\/a><\/div> <!-- aio-icon-component -->[vc_empty_space height=&#8221;40px&#8221;][\/vc_column][\/vc_row][vc_row][vc_column][vc_column_text]<\/p>\n<h1>My activities<\/h1>\n<p>[\/vc_column_text][vc_empty_space height=&#8221;40px&#8221;][\/vc_column][\/vc_row][vc_row][vc_column width=&#8221;1\/2&#8243; css=&#8221;.vc_custom_1647865535945{padding-top: 120px !important;}&#8221;][vc_column_text]<strong>Executive Director of ZETOR DEFENCE<\/strong><\/p>\n<p>A civilian career allows me to use the wealth of experience gained over 45 years of military service. I strive to make ZETOR DEFENCE a solid and respected business partner with an ever-expanding portfolio of products and services.[\/vc_column_text][\/vc_column][vc_column width=&#8221;1\/2&#8243;][vc_empty_space height=&#8221;60px&#8221;][vc_single_image image=&#8221;56036&#8243; img_size=&#8221;large&#8221; alignment=&#8221;right&#8221; onclick=&#8221;link_image&#8221;][\/vc_column][\/vc_row][vc_row][vc_column][vc_empty_space height=&#8221;80px&#8221;][\/vc_column][\/vc_row][vc_row][vc_column width=&#8221;1\/2&#8243; offset=&#8221;vc_hidden-md vc_hidden-sm vc_hidden-xs&#8221;][vc_empty_space][vc_single_image image=&#8221;56048&#8243; img_size=&#8221;large&#8221;][\/vc_column][vc_column width=&#8221;1\/2&#8243; offset=&#8221;vc_hidden-md vc_hidden-sm vc_hidden-xs&#8221;][vc_empty_space height=&#8221;120&#8243;][vc_column_text]<strong>Vice President of AOBP CR<\/strong><\/p>\n<p>At the same time, I am the Vice President for Strategic Planning of the Association of Defence and Security Industry of the Czech Republic (AOBP), which brings together companies engaged in research, development, production, sales and marketing of defence and security equipment, materials and services.[\/vc_column_text][\/vc_column][\/vc_row][vc_row][vc_column width=&#8221;1\/2&#8243; offset=&#8221;vc_hidden-lg&#8221;][vc_empty_space height=&#8221;120&#8243;][vc_column_text]<strong>Viceprezident Asociace obrann\u00e9ho a bezpe\u010dnostn\u00edho pr\u016fmyslu \u010cR (AOBP)<\/strong><\/p>\n<p>Jako viceprezident AOBP zodpov\u011bdn\u00fd za tvorbu strategie tuzemsk\u00e9ho obrann\u00e9ho pr\u016fmyslu m\u00e1m na starosti p\u0159edev\u0161\u00edm jedn\u00e1n\u00ed s\u00a0p\u0159edstaviteli \u010desk\u00fdch zbrojovek a podporu jejich \u00fa\u010dasti na moderniza\u010dn\u00edch projektech A\u010cR.[\/vc_column_text][\/vc_column][vc_column width=&#8221;1\/2&#8243; offset=&#8221;vc_hidden-lg&#8221;][vc_empty_space][vc_single_image image=&#8221;56048&#8243; img_size=&#8221;large&#8221;][\/vc_column][\/vc_row][vc_row][vc_column][vc_empty_space height=&#8221;40px&#8221;][vc_empty_space height=&#8221;40px&#8221;][\/vc_column][\/vc_row][vc_row][vc_column width=&#8221;1\/2&#8243; css=&#8221;.vc_custom_1647865565324{padding-top: 15px !important;}&#8221;][vc_empty_space height=&#8221;65px&#8221;][vc_column_text]<strong>President of the Jockey Club of the Czech Republic<\/strong><\/p>\n<p>As the President of the Jockey Club, the highest authority of turf in the Czech Republic, I coordinate, manage and all-round support the racing operation and breeding of the English Thoroughbred.[\/vc_column_text][\/vc_column][vc_column width=&#8221;1\/2&#8243;][vc_single_image image=&#8221;56199&#8243; img_size=&#8221;large&#8221;][\/vc_column][\/vc_row]<\/p>","protected":false},"excerpt":{"rendered":"<p>[vc_row][vc_column][vc_empty_space height=&#8221;40px&#8221;][\/vc_column][\/vc_row][vc_row][vc_column][vc_column_text] My activities [\/vc_column_text][vc_empty_space height=&#8221;40px&#8221;][\/vc_column][\/vc_row][vc_row][vc_column width=&#8221;1\/2&#8243; css=&#8221;.vc_custom_1647865535945{padding-top: 120px !important;}&#8221;][vc_column_text]Executive Director of ZETOR DEFENCE A civilian career allows me to use the wealth of experience gained over 45 years of military service. I strive to make ZETOR DEFENCE a solid and respected business partner with an ever-expanding portfolio of products and services.[\/vc_column_text][\/vc_column][vc_column width=&#8221;1\/2&#8243;][vc_empty_space height=&#8221;60px&#8221;][vc_single_image image=&#8221;56036&#8243;&hellip;<\/p>\n","protected":false},"author":1,"featured_media":0,"parent":0,"menu_order":0,"comment_status":"closed","ping_status":"closed","template":"","meta":[],"_links":{"self":[{"href":"https:\/\/www.josefbecvar.com\/en\/wp-json\/wp\/v2\/pages\/56337"}],"collection":[{"href":"https:\/\/www.josefbecvar.com\/en\/wp-json\/wp\/v2\/pages"}],"about":[{"href":"https:\/\/www.josefbecvar.com\/en\/wp-json\/wp\/v2\/types\/page"}],"author":[{"embeddable":true,"href":"https:\/\/www.josefbecvar.com\/en\/wp-json\/wp\/v2\/users\/1"}],"replies":[{"embeddable":true,"href":"https:\/\/www.josefbecvar.com\/en\/wp-json\/wp\/v2\/comments?post=56337"}],"version-history":[{"count":0,"href":"https:\/\/www.josefbecvar.com\/en\/wp-json\/wp\/v2\/pages\/56337\/revisions"}],"wp:attachment":[{"href":"https:\/\/www.josefbecvar.com\/en\/wp-json\/wp\/v2\/media?parent=56337"}],"curies":[{"name":"wp","href":"https:\/\/api.w.org\/{rel}","templated":true}]}}

<p>[vc_row][vc_column]<div class="aio-icon-component    style_1"><a class="aio-icon-box-link" href="https://www.josefbecvar.com/" title="Úvod" ><div id="Info-box-wrap-7408" class="aio-icon-box top-icon" style=""  ><div class="aio-icon-top"><div class="ult-just-icon-wrapper  "><div class="align-icon" style="text-align:center;">
<div class="aio-icon none "  style="color:#000000;font-size:32px;display:inline-block;">
	<i class="icomoon-icomoonfree-16x16-arrow-left2"></i>
</div></div></div></div><div class="aio-icon-header" ><span class="aio-icon-title ult-responsive"  data-ultimate-target='#Info-box-wrap-7408 .aio-icon-title'  data-responsive-json-new='{"font-size":"desktop:22px;","line-height":"desktop:32px;"}'  style="">Back home</span></div> <!-- header --></div> <!-- aio-icon-box --></a></div> <!-- aio-icon-component -->[vc_empty_space height=&#8221;40px&#8221;][/vc_column][/vc_row][vc_row][vc_column][vc_column_text]</p>
<h1>My activities</h1>
<p>[/vc_column_text][vc_empty_space height=&#8221;40px&#8221;][/vc_column][/vc_row][vc_row][vc_column width=&#8221;1/2&#8243; css=&#8221;.vc_custom_1647865535945{padding-top: 120px !important;}&#8221;][vc_column_text]<strong>Executive Director of ZETOR DEFENCE</strong></p>
<p>A civilian career allows me to use the wealth of experience gained over 45 years of military service. I strive to make ZETOR DEFENCE a solid and respected business partner with an ever-expanding portfolio of products and services.[/vc_column_text][/vc_column][vc_column width=&#8221;1/2&#8243;][vc_empty_space height=&#8221;60px&#8221;][vc_single_image image=&#8221;56036&#8243; img_size=&#8221;large&#8221; alignment=&#8221;right&#8221; onclick=&#8221;link_image&#8221;][/vc_column][/vc_row][vc_row][vc_column][vc_empty_space height=&#8221;80px&#8221;][/vc_column][/vc_row][vc_row][vc_column width=&#8221;1/2&#8243; offset=&#8221;vc_hidden-md vc_hidden-sm vc_hidden-xs&#8221;][vc_empty_space][vc_single_image image=&#8221;56048&#8243; img_size=&#8221;large&#8221;][/vc_column][vc_column width=&#8221;1/2&#8243; offset=&#8221;vc_hidden-md vc_hidden-sm vc_hidden-xs&#8221;][vc_empty_space height=&#8221;120&#8243;][vc_column_text]<strong>Vice President of AOBP CR</strong></p>
<p>At the same time, I am the Vice President for Strategic Planning of the Association of Defence and Security Industry of the Czech Republic (AOBP), which brings together companies engaged in research, development, production, sales and marketing of defence and security equipment, materials and services.[/vc_column_text][/vc_column][/vc_row][vc_row][vc_column width=&#8221;1/2&#8243; offset=&#8221;vc_hidden-lg&#8221;][vc_empty_space height=&#8221;120&#8243;][vc_column_text]<strong>Viceprezident Asociace obranného a bezpečnostního průmyslu ČR (AOBP)</strong></p>
<p>Jako viceprezident AOBP zodpovědný za tvorbu strategie tuzemského obranného průmyslu mám na starosti především jednání s představiteli českých zbrojovek a podporu jejich účasti na modernizačních projektech AČR.[/vc_column_text][/vc_column][vc_column width=&#8221;1/2&#8243; offset=&#8221;vc_hidden-lg&#8221;][vc_empty_space][vc_single_image image=&#8221;56048&#8243; img_size=&#8221;large&#8221;][/vc_column][/vc_row][vc_row][vc_column][vc_empty_space height=&#8221;40px&#8221;][vc_empty_space height=&#8221;40px&#8221;][/vc_column][/vc_row][vc_row][vc_column width=&#8221;1/2&#8243; css=&#8221;.vc_custom_1647865565324{padding-top: 15px !important;}&#8221;][vc_empty_space height=&#8221;65px&#8221;][vc_column_text]<strong>President of the Jockey Club of the Czech Republic</strong></p>
<p>As the President of the Jockey Club, the highest authority of turf in the Czech Republic, I coordinate, manage and all-round support the racing operation and breeding of the English Thoroughbred.[/vc_column_text][/vc_column][vc_column width=&#8221;1/2&#8243;][vc_single_image image=&#8221;56199&#8243; img_size=&#8221;large&#8221;][/vc_column][/vc_row]</p>
